{"id":899,"date":"2024-06-11T16:41:54","date_gmt":"2024-06-11T14:41:54","guid":{"rendered":"https:\/\/judofranconville.com\/?page_id=899"},"modified":"2024-06-11T16:44:17","modified_gmt":"2024-06-11T14:44:17","slug":"tutoriel-convocation","status":"publish","type":"page","link":"https:\/\/judofranconville.com\/index.php\/tutoriel-convocation\/","title":{"rendered":"Tutoriel Convocation"},"content":{"rendered":"\t\t<div data-elementor-type=\"wp-page\" data-elementor-id=\"899\" class=\"elementor elementor-899\">\n\t\t\t\t<div class=\"elementor-element elementor-element-3c37ce8 e-flex e-con-boxed e-con e-parent\" data-id=\"3c37ce8\" data-element_type=\"container\" data-e-type=\"container\">\n\t\t\t\t\t<div class=\"e-con-inner\">\n\t\t\t\t<div class=\"elementor-element elementor-element-425dfab elementor-widget elementor-widget-heading\" data-id=\"425dfab\" data-element_type=\"widget\" data-e-type=\"widget\" data-widget_type=\"heading.default\">\n\t\t\t\t<div class=\"elementor-widget-container\">\n\t\t\t\t\t<h2 class=\"elementor-heading-title elementor-size-default\">Tutoriel \"Les convocations\"<\/h2>\t\t\t\t<\/div>\n\t\t\t\t<\/div>\n\t\t\t\t\t<\/div>\n\t\t\t\t<\/div>\n\t\t<div class=\"elementor-element elementor-element-7549a7c e-flex e-con-boxed e-con e-parent\" data-id=\"7549a7c\" data-element_type=\"container\" data-e-type=\"container\">\n\t\t\t\t\t<div class=\"e-con-inner\">\n\t\t\t\t<div class=\"elementor-element elementor-element-2dafee4 elementor-widget elementor-widget-text-editor\" data-id=\"2dafee4\" data-element_type=\"widget\" data-e-type=\"widget\" data-widget_type=\"text-editor.default\">\n\t\t\t\t<div class=\"elementor-widget-container\">\n\t\t\t\t\t\t\t\t\t<p>Dans ce tutoriel, nous allons vous montrer comment valider votre pr\u00e9sence dans une convocation que vous avez re\u00e7ue dans l&rsquo;application MonClub.<\/p>\t\t\t\t\t\t\t\t<\/div>\n\t\t\t\t<\/div>\n\t\t\t\t\t<\/div>\n\t\t\t\t<\/div>\n\t\t<div class=\"elementor-element elementor-element-95fb238 e-flex e-con-boxed e-con e-parent\" data-id=\"95fb238\" data-element_type=\"container\" data-e-type=\"container\">\n\t\t\t\t\t<div class=\"e-con-inner\">\n\t\t<div class=\"elementor-element elementor-element-b8b3ee0 e-con-full e-flex e-con e-child\" data-id=\"b8b3ee0\" data-element_type=\"container\" data-e-type=\"container\">\n\t\t\t\t<div class=\"elementor-element elementor-element-c7ceb3e elementor-widget elementor-widget-image\" data-id=\"c7ceb3e\" data-element_type=\"widget\" data-e-type=\"widget\" data-widget_type=\"image.default\">\n\t\t\t\t<div class=\"elementor-widget-container\">\n\t\t\t\t\t\t\t\t\t\t\t\t\t\t\t<img fetchpriority=\"high\" decoding=\"async\" width=\"394\" height=\"573\" src=\"https:\/\/judofranconville.com\/wp-content\/uploads\/2024\/06\/2024-06-11_16h11_49.png\" class=\"attachment-large size-large wp-image-901\" alt=\"\" srcset=\"https:\/\/judofranconville.com\/wp-content\/uploads\/2024\/06\/2024-06-11_16h11_49.png 394w, https:\/\/judofranconville.com\/wp-content\/uploads\/2024\/06\/2024-06-11_16h11_49-206x300.png 206w\" sizes=\"(max-width: 767px) 89vw, (max-width: 1000px) 54vw, (max-width: 1071px) 543px, 580px\" \/>\t\t\t\t\t\t\t\t\t\t\t\t\t\t\t<\/div>\n\t\t\t\t<\/div>\n\t\t\t\t<\/div>\n\t\t<div class=\"elementor-element elementor-element-89d8a74 e-con-full e-flex e-con e-child\" data-id=\"89d8a74\" data-element_type=\"container\" data-e-type=\"container\">\n\t\t\t\t<div class=\"elementor-element elementor-element-b206673 elementor-widget elementor-widget-text-editor\" data-id=\"b206673\" data-element_type=\"widget\" data-e-type=\"widget\" data-widget_type=\"text-editor.default\">\n\t\t\t\t<div class=\"elementor-widget-container\">\n\t\t\t\t\t\t\t\t\t<p>Connectez-vous \u00e0 votre application MonClub et s\u00e9lectionnez le profil de l&rsquo;adh\u00e9rent en cliquant sur le nom en haut \u00e0 gauche.<\/p>\t\t\t\t\t\t\t\t<\/div>\n\t\t\t\t<\/div>\n\t\t\t\t<\/div>\n\t\t\t\t\t<\/div>\n\t\t\t\t<\/div>\n\t\t<div class=\"elementor-element elementor-element-f52f3a5 e-flex e-con-boxed e-con e-parent\" data-id=\"f52f3a5\" data-element_type=\"container\" data-e-type=\"container\">\n\t\t\t\t\t<div class=\"e-con-inner\">\n\t\t<div class=\"elementor-element elementor-element-a9e1cc2 e-con-full e-flex e-con e-child\" data-id=\"a9e1cc2\" data-element_type=\"container\" data-e-type=\"container\">\n\t\t\t\t<div class=\"elementor-element elementor-element-082329a elementor-widget elementor-widget-text-editor\" data-id=\"082329a\" data-element_type=\"widget\" data-e-type=\"widget\" data-widget_type=\"text-editor.default\">\n\t\t\t\t<div class=\"elementor-widget-container\">\n\t\t\t\t\t\t\t\t\t<p>Cliquez sur le nom de l&rsquo;adh\u00e9rent en bas.<\/p>\t\t\t\t\t\t\t\t<\/div>\n\t\t\t\t<\/div>\n\t\t\t\t<\/div>\n\t\t<div class=\"elementor-element elementor-element-66cf347 e-con-full e-flex e-con e-child\" data-id=\"66cf347\" data-element_type=\"container\" data-e-type=\"container\">\n\t\t\t\t<div class=\"elementor-element elementor-element-cbcbf38 elementor-widget elementor-widget-image\" data-id=\"cbcbf38\" data-element_type=\"widget\" data-e-type=\"widget\" data-widget_type=\"image.default\">\n\t\t\t\t<div class=\"elementor-widget-container\">\n\t\t\t\t\t\t\t\t\t\t\t\t\t\t\t<img decoding=\"async\" width=\"397\" height=\"594\" src=\"https:\/\/judofranconville.com\/wp-content\/uploads\/2024\/06\/2024-06-11_16h13_25.png\" class=\"attachment-large size-large wp-image-903\" alt=\"\" srcset=\"https:\/\/judofranconville.com\/wp-content\/uploads\/2024\/06\/2024-06-11_16h13_25.png 397w, https:\/\/judofranconville.com\/wp-content\/uploads\/2024\/06\/2024-06-11_16h13_25-201x300.png 201w\" sizes=\"(max-width: 767px) 89vw, (max-width: 1000px) 54vw, (max-width: 1071px) 543px, 580px\" \/>\t\t\t\t\t\t\t\t\t\t\t\t\t\t\t<\/div>\n\t\t\t\t<\/div>\n\t\t\t\t<\/div>\n\t\t\t\t\t<\/div>\n\t\t\t\t<\/div>\n\t\t<div class=\"elementor-element elementor-element-c0b15a5 e-flex e-con-boxed e-con e-parent\" data-id=\"c0b15a5\" data-element_type=\"container\" data-e-type=\"container\">\n\t\t\t\t\t<div class=\"e-con-inner\">\n\t\t<div class=\"elementor-element elementor-element-3f9bcb6 e-con-full e-flex e-con e-child\" data-id=\"3f9bcb6\" data-element_type=\"container\" data-e-type=\"container\">\n\t\t\t\t<div class=\"elementor-element elementor-element-13a5def elementor-widget elementor-widget-image\" data-id=\"13a5def\" data-element_type=\"widget\" data-e-type=\"widget\" data-widget_type=\"image.default\">\n\t\t\t\t<div class=\"elementor-widget-container\">\n\t\t\t\t\t\t\t\t\t\t\t\t\t\t\t<img decoding=\"async\" width=\"390\" height=\"573\" src=\"https:\/\/judofranconville.com\/wp-content\/uploads\/2024\/06\/2024-06-11_16h12_10-1.png\" class=\"attachment-large size-large wp-image-906\" alt=\"\" srcset=\"https:\/\/judofranconville.com\/wp-content\/uploads\/2024\/06\/2024-06-11_16h12_10-1.png 390w, https:\/\/judofranconville.com\/wp-content\/uploads\/2024\/06\/2024-06-11_16h12_10-1-204x300.png 204w\" sizes=\"(max-width: 767px) 89vw, (max-width: 1000px) 54vw, (max-width: 1071px) 543px, 580px\" \/>\t\t\t\t\t\t\t\t\t\t\t\t\t\t\t<\/div>\n\t\t\t\t<\/div>\n\t\t\t\t<\/div>\n\t\t<div class=\"elementor-element elementor-element-6c13432 e-con-full e-flex e-con e-child\" data-id=\"6c13432\" data-element_type=\"container\" data-e-type=\"container\">\n\t\t\t\t<div class=\"elementor-element elementor-element-d5996f2 elementor-widget elementor-widget-text-editor\" data-id=\"d5996f2\" data-element_type=\"widget\" data-e-type=\"widget\" data-widget_type=\"text-editor.default\">\n\t\t\t\t<div class=\"elementor-widget-container\">\n\t\t\t\t\t\t\t\t\t<p>Cliquez en bas sur le pictogramme calendrier, puis dans la partie Convocation, sur la convocation \u00e0 laquelle vous voulez r\u00e9pondre.<\/p>\t\t\t\t\t\t\t\t<\/div>\n\t\t\t\t<\/div>\n\t\t\t\t<\/div>\n\t\t\t\t\t<\/div>\n\t\t\t\t<\/div>\n\t\t<div class=\"elementor-element elementor-element-39177cc e-flex e-con-boxed e-con e-parent\" data-id=\"39177cc\" data-element_type=\"container\" data-e-type=\"container\">\n\t\t\t\t\t<div class=\"e-con-inner\">\n\t\t<div class=\"elementor-element elementor-element-895eb4b e-con-full e-flex e-con e-child\" data-id=\"895eb4b\" data-element_type=\"container\" data-e-type=\"container\">\n\t\t\t\t<div class=\"elementor-element elementor-element-bc7af12 elementor-widget elementor-widget-text-editor\" data-id=\"bc7af12\" data-element_type=\"widget\" data-e-type=\"widget\" data-widget_type=\"text-editor.default\">\n\t\t\t\t<div class=\"elementor-widget-container\">\n\t\t\t\t\t\t\t\t\t<p>Lisez la convocation et cliquez sur votre choix (Je participe \/ Je ne participe pas).<\/p>\t\t\t\t\t\t\t\t<\/div>\n\t\t\t\t<\/div>\n\t\t\t\t<\/div>\n\t\t<div class=\"elementor-element elementor-element-017bdb6 e-con-full e-flex e-con e-child\" data-id=\"017bdb6\" data-element_type=\"container\" data-e-type=\"container\">\n\t\t\t\t<div class=\"elementor-element elementor-element-feb2f97 elementor-widget elementor-widget-image\" data-id=\"feb2f97\" data-element_type=\"widget\" data-e-type=\"widget\" data-widget_type=\"image.default\">\n\t\t\t\t<div class=\"elementor-widget-container\">\n\t\t\t\t\t\t\t\t\t\t\t\t\t\t\t<img loading=\"lazy\" decoding=\"async\" width=\"390\" height=\"569\" src=\"https:\/\/judofranconville.com\/wp-content\/uploads\/2024\/06\/2024-06-11_16h12_38.png\" class=\"attachment-large size-large wp-image-907\" alt=\"\" srcset=\"https:\/\/judofranconville.com\/wp-content\/uploads\/2024\/06\/2024-06-11_16h12_38.png 390w, https:\/\/judofranconville.com\/wp-content\/uploads\/2024\/06\/2024-06-11_16h12_38-206x300.png 206w\" sizes=\"(max-width: 767px) 89vw, (max-width: 1000px) 54vw, (max-width: 1071px) 543px, 580px\" \/>\t\t\t\t\t\t\t\t\t\t\t\t\t\t\t<\/div>\n\t\t\t\t<\/div>\n\t\t\t\t<\/div>\n\t\t\t\t\t<\/div>\n\t\t\t\t<\/div>\n\t\t<div class=\"elementor-element elementor-element-d7ae824 e-flex e-con-boxed e-con e-parent\" data-id=\"d7ae824\" data-element_type=\"container\" data-e-type=\"container\">\n\t\t\t\t\t<div class=\"e-con-inner\">\n\t\t<div class=\"elementor-element elementor-element-c0b7ec4 e-con-full e-flex e-con e-child\" data-id=\"c0b7ec4\" data-element_type=\"container\" data-e-type=\"container\">\n\t\t\t\t<div class=\"elementor-element elementor-element-9c9bc33 elementor-widget elementor-widget-image\" data-id=\"9c9bc33\" data-element_type=\"widget\" data-e-type=\"widget\" data-widget_type=\"image.default\">\n\t\t\t\t<div class=\"elementor-widget-container\">\n\t\t\t\t\t\t\t\t\t\t\t\t\t\t\t<img loading=\"lazy\" decoding=\"async\" width=\"388\" height=\"570\" src=\"https:\/\/judofranconville.com\/wp-content\/uploads\/2024\/06\/2024-06-11_16h12_58.png\" class=\"attachment-large size-large wp-image-908\" alt=\"\" srcset=\"https:\/\/judofranconville.com\/wp-content\/uploads\/2024\/06\/2024-06-11_16h12_58.png 388w, https:\/\/judofranconville.com\/wp-content\/uploads\/2024\/06\/2024-06-11_16h12_58-204x300.png 204w\" sizes=\"(max-width: 767px) 89vw, (max-width: 1000px) 54vw, (max-width: 1071px) 543px, 580px\" \/>\t\t\t\t\t\t\t\t\t\t\t\t\t\t\t<\/div>\n\t\t\t\t<\/div>\n\t\t\t\t<\/div>\n\t\t<div class=\"elementor-element elementor-element-270ec86 e-con-full e-flex e-con e-child\" data-id=\"270ec86\" data-element_type=\"container\" data-e-type=\"container\">\n\t\t\t\t<div class=\"elementor-element elementor-element-fb5041a elementor-widget elementor-widget-text-editor\" data-id=\"fb5041a\" data-element_type=\"widget\" data-e-type=\"widget\" data-widget_type=\"text-editor.default\">\n\t\t\t\t<div class=\"elementor-widget-container\">\n\t\t\t\t\t\t\t\t\t<p>Vous avez r\u00e9pondu \u00e0 la convocation. Merci.<\/p>\t\t\t\t\t\t\t\t<\/div>\n\t\t\t\t<\/div>\n\t\t\t\t<\/div>\n\t\t\t\t\t<\/div>\n\t\t\t\t<\/div>\n\t\t\t\t<\/div>\n\t\t","protected":false},"excerpt":{"rendered":"<p>Tutoriel \u00ab\u00a0Les convocations\u00a0\u00bb Dans ce tutoriel, nous allons vous montrer comment valider votre pr\u00e9sence dans une convocation que vous avez re\u00e7ue dans l&rsquo;application MonClub. Connectez-vous \u00e0 votre application MonClub et s\u00e9lectionnez le profil de l&rsquo;adh\u00e9rent en cliquant sur le nom en haut \u00e0 gauche. Cliquez sur le nom de l&rsquo;adh\u00e9rent en bas. Cliquez en bas &hellip; <\/p>\n<p class=\"link-more\"><a href=\"https:\/\/judofranconville.com\/index.php\/tutoriel-convocation\/\" class=\"more-link\">Continuer la lecture<span class=\"screen-reader-text\"> de &laquo;&nbsp;Tutoriel Convocation&nbsp;&raquo;<\/span><\/a><\/p>\n","protected":false},"author":1,"featured_media":0,"parent":0,"menu_order":0,"comment_status":"closed","ping_status":"closed","template":"","meta":{"_mc_calendar":[],"footnotes":""},"class_list":["post-899","page","type-page","status-publish","hentry"],"yoast_head":"<!-- This site is optimized with the Yoast SEO plugin v27.4 - https:\/\/yoast.com\/product\/yoast-seo-wordpress\/ -->\n<title>Tutoriel Convocation - Judo Club Franconville<\/title>\n<meta name=\"robots\" content=\"index, follow, max-snippet:-1, max-image-preview:large, max-video-preview:-1\" \/>\n<link rel=\"canonical\" href=\"https:\/\/judofranconville.com\/index.php\/tutoriel-convocation\/\" \/>\n<meta property=\"og:locale\" content=\"fr_FR\" \/>\n<meta property=\"og:type\" content=\"article\" \/>\n<meta property=\"og:title\" content=\"Tutoriel Convocation - Judo Club Franconville\" \/>\n<meta property=\"og:description\" content=\"Tutoriel \u00ab\u00a0Les convocations\u00a0\u00bb Dans ce tutoriel, nous allons vous montrer comment valider votre pr\u00e9sence dans une convocation que vous avez re\u00e7ue dans l&rsquo;application MonClub. Connectez-vous \u00e0 votre application MonClub et s\u00e9lectionnez le profil de l&rsquo;adh\u00e9rent en cliquant sur le nom en haut \u00e0 gauche. Cliquez sur le nom de l&rsquo;adh\u00e9rent en bas. Cliquez en bas &hellip; Continuer la lecture de &laquo;&nbsp;Tutoriel Convocation&nbsp;&raquo;\" \/>\n<meta property=\"og:url\" content=\"https:\/\/judofranconville.com\/index.php\/tutoriel-convocation\/\" \/>\n<meta property=\"og:site_name\" content=\"Judo Club Franconville\" \/>\n<meta property=\"article:publisher\" content=\"https:\/\/www.facebook.com\/jc.franconville\" \/>\n<meta property=\"article:modified_time\" content=\"2024-06-11T14:44:17+00:00\" \/>\n<meta property=\"og:image\" content=\"https:\/\/judofranconville.com\/wp-content\/uploads\/2024\/06\/2024-06-11_16h11_49.png\" \/>\n<meta name=\"twitter:card\" content=\"summary_large_image\" \/>\n<script type=\"application\/ld+json\" class=\"yoast-schema-graph\">{\"@context\":\"https:\\\/\\\/schema.org\",\"@graph\":[{\"@type\":\"WebPage\",\"@id\":\"https:\\\/\\\/judofranconville.com\\\/index.php\\\/tutoriel-convocation\\\/\",\"url\":\"https:\\\/\\\/judofranconville.com\\\/index.php\\\/tutoriel-convocation\\\/\",\"name\":\"Tutoriel Convocation - Judo Club Franconville\",\"isPartOf\":{\"@id\":\"https:\\\/\\\/judofranconville.com\\\/#website\"},\"primaryImageOfPage\":{\"@id\":\"https:\\\/\\\/judofranconville.com\\\/index.php\\\/tutoriel-convocation\\\/#primaryimage\"},\"image\":{\"@id\":\"https:\\\/\\\/judofranconville.com\\\/index.php\\\/tutoriel-convocation\\\/#primaryimage\"},\"thumbnailUrl\":\"https:\\\/\\\/judofranconville.com\\\/wp-content\\\/uploads\\\/2024\\\/06\\\/2024-06-11_16h11_49.png\",\"datePublished\":\"2024-06-11T14:41:54+00:00\",\"dateModified\":\"2024-06-11T14:44:17+00:00\",\"breadcrumb\":{\"@id\":\"https:\\\/\\\/judofranconville.com\\\/index.php\\\/tutoriel-convocation\\\/#breadcrumb\"},\"inLanguage\":\"fr-FR\",\"potentialAction\":[{\"@type\":\"ReadAction\",\"target\":[\"https:\\\/\\\/judofranconville.com\\\/index.php\\\/tutoriel-convocation\\\/\"]}]},{\"@type\":\"ImageObject\",\"inLanguage\":\"fr-FR\",\"@id\":\"https:\\\/\\\/judofranconville.com\\\/index.php\\\/tutoriel-convocation\\\/#primaryimage\",\"url\":\"https:\\\/\\\/judofranconville.com\\\/wp-content\\\/uploads\\\/2024\\\/06\\\/2024-06-11_16h11_49.png\",\"contentUrl\":\"https:\\\/\\\/judofranconville.com\\\/wp-content\\\/uploads\\\/2024\\\/06\\\/2024-06-11_16h11_49.png\",\"width\":394,\"height\":573},{\"@type\":\"BreadcrumbList\",\"@id\":\"https:\\\/\\\/judofranconville.com\\\/index.php\\\/tutoriel-convocation\\\/#breadcrumb\",\"itemListElement\":[{\"@type\":\"ListItem\",\"position\":1,\"name\":\"Accueil\",\"item\":\"https:\\\/\\\/judofranconville.com\\\/\"},{\"@type\":\"ListItem\",\"position\":2,\"name\":\"Tutoriel Convocation\"}]},{\"@type\":\"WebSite\",\"@id\":\"https:\\\/\\\/judofranconville.com\\\/#website\",\"url\":\"https:\\\/\\\/judofranconville.com\\\/\",\"name\":\"Judo Club Franconville\",\"description\":\"Le judo...Notre passion\",\"potentialAction\":[{\"@type\":\"SearchAction\",\"target\":{\"@type\":\"EntryPoint\",\"urlTemplate\":\"https:\\\/\\\/judofranconville.com\\\/?s={search_term_string}\"},\"query-input\":{\"@type\":\"PropertyValueSpecification\",\"valueRequired\":true,\"valueName\":\"search_term_string\"}}],\"inLanguage\":\"fr-FR\"}]}<\/script>\n<!-- \/ Yoast SEO plugin. -->","yoast_head_json":{"title":"Tutoriel Convocation - Judo Club Franconville","robots":{"index":"index","follow":"follow","max-snippet":"max-snippet:-1","max-image-preview":"max-image-preview:large","max-video-preview":"max-video-preview:-1"},"canonical":"https:\/\/judofranconville.com\/index.php\/tutoriel-convocation\/","og_locale":"fr_FR","og_type":"article","og_title":"Tutoriel Convocation - Judo Club Franconville","og_description":"Tutoriel \u00ab\u00a0Les convocations\u00a0\u00bb Dans ce tutoriel, nous allons vous montrer comment valider votre pr\u00e9sence dans une convocation que vous avez re\u00e7ue dans l&rsquo;application MonClub. Connectez-vous \u00e0 votre application MonClub et s\u00e9lectionnez le profil de l&rsquo;adh\u00e9rent en cliquant sur le nom en haut \u00e0 gauche. Cliquez sur le nom de l&rsquo;adh\u00e9rent en bas. Cliquez en bas &hellip; Continuer la lecture de &laquo;&nbsp;Tutoriel Convocation&nbsp;&raquo;","og_url":"https:\/\/judofranconville.com\/index.php\/tutoriel-convocation\/","og_site_name":"Judo Club Franconville","article_publisher":"https:\/\/www.facebook.com\/jc.franconville","article_modified_time":"2024-06-11T14:44:17+00:00","og_image":[{"url":"https:\/\/judofranconville.com\/wp-content\/uploads\/2024\/06\/2024-06-11_16h11_49.png","type":"","width":"","height":""}],"twitter_card":"summary_large_image","schema":{"@context":"https:\/\/schema.org","@graph":[{"@type":"WebPage","@id":"https:\/\/judofranconville.com\/index.php\/tutoriel-convocation\/","url":"https:\/\/judofranconville.com\/index.php\/tutoriel-convocation\/","name":"Tutoriel Convocation - Judo Club Franconville","isPartOf":{"@id":"https:\/\/judofranconville.com\/#website"},"primaryImageOfPage":{"@id":"https:\/\/judofranconville.com\/index.php\/tutoriel-convocation\/#primaryimage"},"image":{"@id":"https:\/\/judofranconville.com\/index.php\/tutoriel-convocation\/#primaryimage"},"thumbnailUrl":"https:\/\/judofranconville.com\/wp-content\/uploads\/2024\/06\/2024-06-11_16h11_49.png","datePublished":"2024-06-11T14:41:54+00:00","dateModified":"2024-06-11T14:44:17+00:00","breadcrumb":{"@id":"https:\/\/judofranconville.com\/index.php\/tutoriel-convocation\/#breadcrumb"},"inLanguage":"fr-FR","potentialAction":[{"@type":"ReadAction","target":["https:\/\/judofranconville.com\/index.php\/tutoriel-convocation\/"]}]},{"@type":"ImageObject","inLanguage":"fr-FR","@id":"https:\/\/judofranconville.com\/index.php\/tutoriel-convocation\/#primaryimage","url":"https:\/\/judofranconville.com\/wp-content\/uploads\/2024\/06\/2024-06-11_16h11_49.png","contentUrl":"https:\/\/judofranconville.com\/wp-content\/uploads\/2024\/06\/2024-06-11_16h11_49.png","width":394,"height":573},{"@type":"BreadcrumbList","@id":"https:\/\/judofranconville.com\/index.php\/tutoriel-convocation\/#breadcrumb","itemListElement":[{"@type":"ListItem","position":1,"name":"Accueil","item":"https:\/\/judofranconville.com\/"},{"@type":"ListItem","position":2,"name":"Tutoriel Convocation"}]},{"@type":"WebSite","@id":"https:\/\/judofranconville.com\/#website","url":"https:\/\/judofranconville.com\/","name":"Judo Club Franconville","description":"Le judo...Notre passion","potentialAction":[{"@type":"SearchAction","target":{"@type":"EntryPoint","urlTemplate":"https:\/\/judofranconville.com\/?s={search_term_string}"},"query-input":{"@type":"PropertyValueSpecification","valueRequired":true,"valueName":"search_term_string"}}],"inLanguage":"fr-FR"}]}},"_links":{"self":[{"href":"https:\/\/judofranconville.com\/index.php\/wp-json\/wp\/v2\/pages\/899","targetHints":{"allow":["GET"]}}],"collection":[{"href":"https:\/\/judofranconville.com\/index.php\/wp-json\/wp\/v2\/pages"}],"about":[{"href":"https:\/\/judofranconville.com\/index.php\/wp-json\/wp\/v2\/types\/page"}],"author":[{"embeddable":true,"href":"https:\/\/judofranconville.com\/index.php\/wp-json\/wp\/v2\/users\/1"}],"replies":[{"embeddable":true,"href":"https:\/\/judofranconville.com\/index.php\/wp-json\/wp\/v2\/comments?post=899"}],"version-history":[{"count":5,"href":"https:\/\/judofranconville.com\/index.php\/wp-json\/wp\/v2\/pages\/899\/revisions"}],"predecessor-version":[{"id":911,"href":"https:\/\/judofranconville.com\/index.php\/wp-json\/wp\/v2\/pages\/899\/revisions\/911"}],"wp:attachment":[{"href":"https:\/\/judofranconville.com\/index.php\/wp-json\/wp\/v2\/media?parent=899"}],"curies":[{"name":"wp","href":"https:\/\/api.w.org\/{rel}","templated":true}]}}