{"id":69,"date":"2020-02-07T15:01:23","date_gmt":"2020-02-07T14:01:23","guid":{"rendered":"http:\/\/judofranconville.com\/?page_id=69"},"modified":"2020-02-07T15:03:22","modified_gmt":"2020-02-07T14:03:22","slug":"le-salut","status":"publish","type":"page","link":"https:\/\/judofranconville.com\/index.php\/le-salut\/","title":{"rendered":"Le Salut"},"content":{"rendered":"\t\t<div data-elementor-type=\"wp-page\" data-elementor-id=\"69\" class=\"elementor elementor-69\">\n\t\t\t\t\t\t<section class=\"elementor-section elementor-top-section elementor-element elementor-element-4b44ed8 elementor-section-boxed elementor-section-height-default elementor-section-height-default\" data-id=\"4b44ed8\" data-element_type=\"section\" data-e-type=\"section\">\n\t\t\t\t\t\t<div class=\"elementor-container elementor-column-gap-default\">\n\t\t\t\t\t<div class=\"elementor-column elementor-col-100 elementor-top-column elementor-element elementor-element-82b09ce\" data-id=\"82b09ce\" data-element_type=\"column\" data-e-type=\"column\">\n\t\t\t<div class=\"elementor-widget-wrap elementor-element-populated\">\n\t\t\t\t\t\t<div class=\"elementor-element elementor-element-98a550a elementor-widget elementor-widget-heading\" data-id=\"98a550a\" data-element_type=\"widget\" data-e-type=\"widget\" data-widget_type=\"heading.default\">\n\t\t\t\t<div class=\"elementor-widget-container\">\n\t\t\t\t\t<h2 class=\"elementor-heading-title elementor-size-default\">Le Salut<\/h2>\t\t\t\t<\/div>\n\t\t\t\t<\/div>\n\t\t\t\t\t<\/div>\n\t\t<\/div>\n\t\t\t\t\t<\/div>\n\t\t<\/section>\n\t\t\t\t<section class=\"elementor-section elementor-top-section elementor-element elementor-element-04213d4 elementor-section-boxed elementor-section-height-default elementor-section-height-default\" data-id=\"04213d4\" data-element_type=\"section\" data-e-type=\"section\">\n\t\t\t\t\t\t<div class=\"elementor-container elementor-column-gap-default\">\n\t\t\t\t\t<div class=\"elementor-column elementor-col-100 elementor-top-column elementor-element elementor-element-6609334\" data-id=\"6609334\" data-element_type=\"column\" data-e-type=\"column\">\n\t\t\t<div class=\"elementor-widget-wrap elementor-element-populated\">\n\t\t\t\t\t\t<div class=\"elementor-element elementor-element-2e96829 elementor-widget elementor-widget-text-editor\" data-id=\"2e96829\" data-element_type=\"widget\" data-e-type=\"widget\" data-widget_type=\"text-editor.default\">\n\t\t\t\t<div class=\"elementor-widget-container\">\n\t\t\t\t\t\t\t\t\t<p>Le salut est bas\u00e9 sur le respect des anc\u00eatres et des Dieux (les Kamis).<\/p><p>Nous assimilerons les Kamis au \u00abCosmos\u00a0\u00bb \u00e0 l\u2019infini qui est plus grand que l\u2019homme. Le c\u0153ur du guerrier, le c\u00f4t\u00e9 gauche, symbolise le Divin.<\/p><p>Le salut commence d\u00e8s que l\u2019on entre dans le Dojo.<\/p><p>\u00a0<\/p><p>Au Japon, il y a toujours un petit temple accroch\u00e9 au mur et souvent la photo d\u2019un ma\u00eetre. En entrant dans le Dojo regardez o\u00f9 \u00ab\u00a0\u00a0elle ou il\u00a0 est plac\u00e9\u00a0\u00bb. S\u2019il est en face de vous ou \u00e0 gauche, alors entrez du pied droit, ainsi le premier pas que vous ferez mettra votre corps face au temple, si vous entrez du pied inverse, vous montrerez la moiti\u00e9 de votre dos, cette attitude est irrespectueuse et exprime la d\u00e9sinvolture de votre entr\u00e9e .Si le temple se trouve \u00e0 droite, entrez du pied gauche.<\/p><p>\u00a0<\/p><p>En r\u00e9sum\u00e9 il faut toujours entrer du pied droit sauf si le temple est \u00e0 droite<\/p><p>C\u2019est le signal qui est donn\u00e9 juste apr\u00e8s avoir pris la position SEIZA avant et apr\u00e8s le cours. Cela signifie \u00ab\u00a0trouver le calme et la concentration avant et apr\u00e8s la pratique du Judo -YAME &#8211;<\/p><p><strong>\u00a0<\/strong><\/p><p><strong>SHOMEN NI RE\u00cf<\/strong><\/p><p>SHOMEN signifie \u00ab\u00a0face \u00e0\u00a0\u00bb. Ceci est pris dans le sens o\u00f9 l\u2019homme, avant de se livrer \u00e0 des pratiques guerri\u00e8res doit faire face \u00e0 ce qui est plus grand que lui\u00a0: le COSMOS.<\/p><p>\u00a0<\/p><p><strong>SENSEI NI RE\u00cf<\/strong><\/p><p>SENSE\u00cf signifie celui qui est devant, c\u2019est celui qui voue sa vie \u00e0 la recherche de l\u2019art .C\u2019est un maillon de la cha\u00eene qui transmet le JUDO. Il fait parti de toute l\u2019entit\u00e9 de l\u2019art.<\/p><p>\u00a0<\/p><p><strong>RE\u00cf ou LE\u00cf<\/strong><\/p><p>Dans la langue japonaise le \u00ab\u00a0R\u00a0\u00bb et le \u00ab\u00a0L\u00a0\u00bb sont m\u00e9lang\u00e9s et ne donnent qu\u2019un seul et m\u00eame son arrondi entre les deux. RE\u00cf accol\u00e9 \u00e0 d\u2019autres id\u00e9ogrammes signifie \u00ab\u00a0se courber\u00a0\u00bb. En revanche l\u2019id\u00e9ogramme RE\u00cf isol\u00e9 signifie \u00ab\u00a0l\u2019homme qui se courbe devant Dieu \u00ab\u00a0Kami\u00a0\u00bb pour les japonais.<\/p><p>\u00a0<\/p><p><strong>OTAGA NI RE\u00cf<\/strong><\/p><p>OTAGANA\u00a0\u00a0symbolise l\u2019unit\u00e9 d\u2019ensemble et le respect mutuel que l\u2019on doit avoir pour une bonne pratique de l\u2019art, car sans l\u2019autre, l\u2019on ne peut progresser. Le signal signifie \u00ab\u00a0saluez-vous entre vous\u00a0\u00bb.<\/p><p>\u00a0<\/p><p><strong>KIRITSU (ou KILITSU)<\/strong><\/p><p>Signifie se relever avec rectitude.<\/p><p>\u00a0<\/p><p><strong>RITUEL DES TROIS SALUTS<\/strong><\/p><p>Le SENSE\u00cf est face \u00e0 ses \u00e9l\u00e8ves. Le temple se trouve dans son dos, le plus ancien (SAMPE\u00cf) est sur sa gauche. Au signal \u00ab\u00a0SEIZA\u00a0\u00bb tous se positionnent \u00e0 genoux. Le SENSE\u00cf se retourne vers le temple et au commandement\u00a0\u00ab\u00a0SHOMEN NI RE\u00cf\u00a0\u00bb tous s\u2019inclinent vers le KAMISA \u00ab\u00a0le temple\u00a0\u00bb pour saluer. Le SENSE\u00cf fait ensuite face \u00e0 ses \u00e9l\u00e8ves et au commandement \u00ab\u00a0SENSEI NI RE\u00cf\u00a0\u00bb lanc\u00e9 par le plus ancien (SAMPE\u00cf) tous s\u2019inclinent pour saluer le SENSE\u00cf, lui-m\u00eame r\u00e9pond \u00e0 ce salut. OTAGA NI RE\u00cf saluez- vous entre vous.<\/p><p>\u00a0<\/p><p><strong>SEISA<\/strong><\/p><p>Position \u00e0 genoux du salut\u00a0: Genou gauche que l\u2019on commence \u00e0 se mettre en position .Genou droit ensuite. Le corps ne doit pas \u00eatre avachi .Le ventre est fort. Une bonne attitude en suspension par la force du ventre et des cuisses. Le regard est devant, parall\u00e8le\u00a0\u00a0au sol sans fixer un endroit pr\u00e9cis. Cependant tout doit \u00eatre per\u00e7u dans le champ de vision. La position prend alors une rectitude parfaite qui exprime une volont\u00e9 pour la pratique du Judo. On pose d\u2019abord la main gauche au sol ensuite la main droite, les deux mains d\u00e9crivent le triangle des forces. Lorsque l\u2019on incline la t\u00eate, le nez vient au centre du triangle form\u00e9 par les deux mains. En relevant le buste, c\u2019est l\u2019inverse, d\u2019abord la main droite sur la cuisse droite puis la main gauche sur la cuisse gauche. Les doigts sont coll\u00e9s les uns aux autres de mani\u00e8re \u00e0 ne former qu\u2019un. Les mains symbolisent l\u2019unit\u00e9 des cinq forces de la famille guerri\u00e8re. Lorsque l\u2019on salue vers le KAMISA ce sont les deux mains que l\u2019on pose au sol en m\u00eame temps. Ce n\u2019est qu\u2019en face d\u2019autres hommes que l\u2019on commence par la main gauche. Cette coutume des mains vient des SAMOURA\u00cf qui se saluaient ainsi, en posant la main gauche au sol, ils exprimaient le respect mais si l\u2019autre profitait de cette situation, ils pouvaient d\u00e9gainer rapidement leur sabre de la main droite. Face au KAMISA \u00ab\u00a0au temple\u00a0\u00bb il n\u2019y a aucune m\u00e9fiance.<\/p><p>\u00a0<\/p><p><strong>C\u2019est gr\u00e2ce \u00e0 eux que l\u2019art martial se fond dans le temps.<\/strong><\/p>\t\t\t\t\t\t\t\t<\/div>\n\t\t\t\t<\/div>\n\t\t\t\t\t<\/div>\n\t\t<\/div>\n\t\t\t\t\t<\/div>\n\t\t<\/section>\n\t\t\t\t<\/div>\n\t\t","protected":false},"excerpt":{"rendered":"<p>Le Salut Le salut est bas\u00e9 sur le respect des anc\u00eatres et des Dieux (les Kamis). Nous assimilerons les Kamis au \u00abCosmos\u00a0\u00bb \u00e0 l\u2019infini qui est plus grand que l\u2019homme. Le c\u0153ur du guerrier, le c\u00f4t\u00e9 gauche, symbolise le Divin. Le salut commence d\u00e8s que l\u2019on entre dans le Dojo. \u00a0 Au Japon, il y &hellip; <\/p>\n<p class=\"link-more\"><a href=\"https:\/\/judofranconville.com\/index.php\/le-salut\/\" class=\"more-link\">Continuer la lecture<span class=\"screen-reader-text\"> de &laquo;&nbsp;Le Salut&nbsp;&raquo;<\/span><\/a><\/p>\n","protected":false},"author":1,"featured_media":0,"parent":0,"menu_order":0,"comment_status":"closed","ping_status":"closed","template":"","meta":{"_mc_calendar":[],"footnotes":""},"class_list":["post-69","page","type-page","status-publish","hentry"],"yoast_head":"<!-- This site is optimized with the Yoast SEO plugin v27.5 - https:\/\/yoast.com\/product\/yoast-seo-wordpress\/ -->\n<title>Le Salut - Judo Club Franconville<\/title>\n<meta name=\"robots\" content=\"index, follow, max-snippet:-1, max-image-preview:large, max-video-preview:-1\" \/>\n<link rel=\"canonical\" href=\"https:\/\/judofranconville.com\/index.php\/le-salut\/\" \/>\n<meta property=\"og:locale\" content=\"fr_FR\" \/>\n<meta property=\"og:type\" content=\"article\" \/>\n<meta property=\"og:title\" content=\"Le Salut - Judo Club Franconville\" \/>\n<meta property=\"og:description\" content=\"Le Salut Le salut est bas\u00e9 sur le respect des anc\u00eatres et des Dieux (les Kamis). Nous assimilerons les Kamis au \u00abCosmos\u00a0\u00bb \u00e0 l\u2019infini qui est plus grand que l\u2019homme. Le c\u0153ur du guerrier, le c\u00f4t\u00e9 gauche, symbolise le Divin. Le salut commence d\u00e8s que l\u2019on entre dans le Dojo. \u00a0 Au Japon, il y &hellip; Continuer la lecture de &laquo;&nbsp;Le Salut&nbsp;&raquo;\" \/>\n<meta property=\"og:url\" content=\"https:\/\/judofranconville.com\/index.php\/le-salut\/\" \/>\n<meta property=\"og:site_name\" content=\"Judo Club Franconville\" \/>\n<meta property=\"article:publisher\" content=\"https:\/\/www.facebook.com\/jc.franconville\" \/>\n<meta property=\"article:modified_time\" content=\"2020-02-07T14:03:22+00:00\" \/>\n<meta name=\"twitter:card\" content=\"summary_large_image\" \/>\n<meta name=\"twitter:label1\" content=\"Dur\u00e9e de lecture estim\u00e9e\" \/>\n\t<meta name=\"twitter:data1\" content=\"4 minutes\" \/>\n<script type=\"application\/ld+json\" class=\"yoast-schema-graph\">{\"@context\":\"https:\\\/\\\/schema.org\",\"@graph\":[{\"@type\":\"WebPage\",\"@id\":\"https:\\\/\\\/judofranconville.com\\\/index.php\\\/le-salut\\\/\",\"url\":\"https:\\\/\\\/judofranconville.com\\\/index.php\\\/le-salut\\\/\",\"name\":\"Le Salut - Judo Club Franconville\",\"isPartOf\":{\"@id\":\"https:\\\/\\\/judofranconville.com\\\/#website\"},\"datePublished\":\"2020-02-07T14:01:23+00:00\",\"dateModified\":\"2020-02-07T14:03:22+00:00\",\"breadcrumb\":{\"@id\":\"https:\\\/\\\/judofranconville.com\\\/index.php\\\/le-salut\\\/#breadcrumb\"},\"inLanguage\":\"fr-FR\",\"potentialAction\":[{\"@type\":\"ReadAction\",\"target\":[\"https:\\\/\\\/judofranconville.com\\\/index.php\\\/le-salut\\\/\"]}]},{\"@type\":\"BreadcrumbList\",\"@id\":\"https:\\\/\\\/judofranconville.com\\\/index.php\\\/le-salut\\\/#breadcrumb\",\"itemListElement\":[{\"@type\":\"ListItem\",\"position\":1,\"name\":\"Accueil\",\"item\":\"https:\\\/\\\/judofranconville.com\\\/\"},{\"@type\":\"ListItem\",\"position\":2,\"name\":\"Le Salut\"}]},{\"@type\":\"WebSite\",\"@id\":\"https:\\\/\\\/judofranconville.com\\\/#website\",\"url\":\"https:\\\/\\\/judofranconville.com\\\/\",\"name\":\"Judo Club Franconville\",\"description\":\"Le judo...Notre passion\",\"potentialAction\":[{\"@type\":\"SearchAction\",\"target\":{\"@type\":\"EntryPoint\",\"urlTemplate\":\"https:\\\/\\\/judofranconville.com\\\/?s={search_term_string}\"},\"query-input\":{\"@type\":\"PropertyValueSpecification\",\"valueRequired\":true,\"valueName\":\"search_term_string\"}}],\"inLanguage\":\"fr-FR\"}]}<\/script>\n<!-- \/ Yoast SEO plugin. -->","yoast_head_json":{"title":"Le Salut - Judo Club Franconville","robots":{"index":"index","follow":"follow","max-snippet":"max-snippet:-1","max-image-preview":"max-image-preview:large","max-video-preview":"max-video-preview:-1"},"canonical":"https:\/\/judofranconville.com\/index.php\/le-salut\/","og_locale":"fr_FR","og_type":"article","og_title":"Le Salut - Judo Club Franconville","og_description":"Le Salut Le salut est bas\u00e9 sur le respect des anc\u00eatres et des Dieux (les Kamis). Nous assimilerons les Kamis au \u00abCosmos\u00a0\u00bb \u00e0 l\u2019infini qui est plus grand que l\u2019homme. Le c\u0153ur du guerrier, le c\u00f4t\u00e9 gauche, symbolise le Divin. Le salut commence d\u00e8s que l\u2019on entre dans le Dojo. \u00a0 Au Japon, il y &hellip; Continuer la lecture de &laquo;&nbsp;Le Salut&nbsp;&raquo;","og_url":"https:\/\/judofranconville.com\/index.php\/le-salut\/","og_site_name":"Judo Club Franconville","article_publisher":"https:\/\/www.facebook.com\/jc.franconville","article_modified_time":"2020-02-07T14:03:22+00:00","twitter_card":"summary_large_image","twitter_misc":{"Dur\u00e9e de lecture estim\u00e9e":"4 minutes"},"schema":{"@context":"https:\/\/schema.org","@graph":[{"@type":"WebPage","@id":"https:\/\/judofranconville.com\/index.php\/le-salut\/","url":"https:\/\/judofranconville.com\/index.php\/le-salut\/","name":"Le Salut - Judo Club Franconville","isPartOf":{"@id":"https:\/\/judofranconville.com\/#website"},"datePublished":"2020-02-07T14:01:23+00:00","dateModified":"2020-02-07T14:03:22+00:00","breadcrumb":{"@id":"https:\/\/judofranconville.com\/index.php\/le-salut\/#breadcrumb"},"inLanguage":"fr-FR","potentialAction":[{"@type":"ReadAction","target":["https:\/\/judofranconville.com\/index.php\/le-salut\/"]}]},{"@type":"BreadcrumbList","@id":"https:\/\/judofranconville.com\/index.php\/le-salut\/#breadcrumb","itemListElement":[{"@type":"ListItem","position":1,"name":"Accueil","item":"https:\/\/judofranconville.com\/"},{"@type":"ListItem","position":2,"name":"Le Salut"}]},{"@type":"WebSite","@id":"https:\/\/judofranconville.com\/#website","url":"https:\/\/judofranconville.com\/","name":"Judo Club Franconville","description":"Le judo...Notre passion","potentialAction":[{"@type":"SearchAction","target":{"@type":"EntryPoint","urlTemplate":"https:\/\/judofranconville.com\/?s={search_term_string}"},"query-input":{"@type":"PropertyValueSpecification","valueRequired":true,"valueName":"search_term_string"}}],"inLanguage":"fr-FR"}]}},"_links":{"self":[{"href":"https:\/\/judofranconville.com\/index.php\/wp-json\/wp\/v2\/pages\/69","targetHints":{"allow":["GET"]}}],"collection":[{"href":"https:\/\/judofranconville.com\/index.php\/wp-json\/wp\/v2\/pages"}],"about":[{"href":"https:\/\/judofranconville.com\/index.php\/wp-json\/wp\/v2\/types\/page"}],"author":[{"embeddable":true,"href":"https:\/\/judofranconville.com\/index.php\/wp-json\/wp\/v2\/users\/1"}],"replies":[{"embeddable":true,"href":"https:\/\/judofranconville.com\/index.php\/wp-json\/wp\/v2\/comments?post=69"}],"version-history":[{"count":2,"href":"https:\/\/judofranconville.com\/index.php\/wp-json\/wp\/v2\/pages\/69\/revisions"}],"predecessor-version":[{"id":71,"href":"https:\/\/judofranconville.com\/index.php\/wp-json\/wp\/v2\/pages\/69\/revisions\/71"}],"wp:attachment":[{"href":"https:\/\/judofranconville.com\/index.php\/wp-json\/wp\/v2\/media?parent=69"}],"curies":[{"name":"wp","href":"https:\/\/api.w.org\/{rel}","templated":true}]}}