{"id":12,"date":"2020-02-06T21:04:12","date_gmt":"2020-02-06T20:04:12","guid":{"rendered":"http:\/\/judofranconville.com\/?page_id=12"},"modified":"2025-08-28T09:20:53","modified_gmt":"2025-08-28T07:20:53","slug":"accueil","status":"publish","type":"page","link":"https:\/\/judofranconville.com\/","title":{"rendered":"Accueil"},"content":{"rendered":"\t\t<div data-elementor-type=\"wp-page\" data-elementor-id=\"12\" class=\"elementor elementor-12\">\n\t\t\t\t\t\t<section class=\"elementor-section elementor-top-section elementor-element elementor-element-0879963 elementor-section-boxed elementor-section-height-default elementor-section-height-default\" data-id=\"0879963\" data-element_type=\"section\" data-e-type=\"section\">\n\t\t\t\t\t\t<div class=\"elementor-container elementor-column-gap-default\">\n\t\t\t\t\t<div class=\"elementor-column elementor-col-100 elementor-top-column elementor-element elementor-element-f1fcf53\" data-id=\"f1fcf53\" data-element_type=\"column\" data-e-type=\"column\">\n\t\t\t<div class=\"elementor-widget-wrap elementor-element-populated\">\n\t\t\t\t\t\t<div class=\"elementor-element elementor-element-4cd9656 elementor-widget elementor-widget-heading\" data-id=\"4cd9656\" data-element_type=\"widget\" data-e-type=\"widget\" data-widget_type=\"heading.default\">\n\t\t\t\t<div class=\"elementor-widget-container\">\n\t\t\t\t\t<p class=\"elementor-heading-title elementor-size-large\">On ne na\u00eet pas judoka, on le devient ! <br><br><\/p>\t\t\t\t<\/div>\n\t\t\t\t<\/div>\n\t\t\t\t\t<\/div>\n\t\t<\/div>\n\t\t\t\t\t<\/div>\n\t\t<\/section>\n\t\t<div class=\"elementor-element elementor-element-d74a581 e-flex e-con-boxed e-con e-parent\" data-id=\"d74a581\" data-element_type=\"container\" data-e-type=\"container\">\n\t\t\t\t\t<div class=\"e-con-inner\">\n\t\t\t\t<div class=\"elementor-element elementor-element-b85c7a5 elementor-widget elementor-widget-heading\" data-id=\"b85c7a5\" data-element_type=\"widget\" data-e-type=\"widget\" data-widget_type=\"heading.default\">\n\t\t\t\t<div class=\"elementor-widget-container\">\n\t\t\t\t\t<h2 class=\"elementor-heading-title elementor-size-xl\">Inscription Saison 25-26<\/h2>\t\t\t\t<\/div>\n\t\t\t\t<\/div>\n\t\t\t\t<div class=\"elementor-element elementor-element-10d6fcc elementor-widget elementor-widget-image\" data-id=\"10d6fcc\" data-element_type=\"widget\" data-e-type=\"widget\" data-widget_type=\"image.default\">\n\t\t\t\t<div class=\"elementor-widget-container\">\n\t\t\t\t\t\t\t\t\t\t\t\t\t\t\t<img fetchpriority=\"high\" decoding=\"async\" width=\"234\" height=\"300\" src=\"https:\/\/judofranconville.com\/wp-content\/uploads\/2025\/08\/Logo_Judo_p_Sansfond_inscription-234x300.png\" class=\"attachment-medium size-medium wp-image-986\" alt=\"Logo\" srcset=\"https:\/\/judofranconville.com\/wp-content\/uploads\/2025\/08\/Logo_Judo_p_Sansfond_inscription-234x300.png 234w, https:\/\/judofranconville.com\/wp-content\/uploads\/2025\/08\/Logo_Judo_p_Sansfond_inscription.png 390w\" sizes=\"100vw\" \/>\t\t\t\t\t\t\t\t\t\t\t\t\t\t\t<\/div>\n\t\t\t\t<\/div>\n\t\t\t\t<div class=\"elementor-element elementor-element-439e02b elementor-widget elementor-widget-text-editor\" data-id=\"439e02b\" data-element_type=\"widget\" data-e-type=\"widget\" data-widget_type=\"text-editor.default\">\n\t\t\t\t<div class=\"elementor-widget-container\">\n\t\t\t\t\t\t\t\t\t<p style=\"text-align: center;\" data-start=\"86\" data-end=\"119\"><strong data-start=\"86\" data-end=\"119\">Chers Judokas, chers Parents,<\/strong><\/p><p style=\"text-align: center;\" data-start=\"121\" data-end=\"313\">Nous avons le plaisir de vous annoncer que\u00a0<\/p><p style=\"text-align: center;\" data-start=\"121\" data-end=\"313\">les\u00a0<strong style=\"font-size: 1rem;\" data-start=\"168\" data-end=\"209\">inscriptions pour la saison 2025-2026<\/strong><span style=\"font-size: 1rem;\"> auront lieu lors du <\/span><strong style=\"font-size: 1rem;\" data-start=\"230\" data-end=\"256\">Forum des Associations<\/strong><span style=\"font-size: 1rem;\">, le <\/span><strong style=\"font-size: 1rem;\" data-start=\"261\" data-end=\"288\">samedi 6 septembre 2025<\/strong><span style=\"font-size: 1rem;\">, entre <\/span><strong style=\"font-size: 1rem;\" data-start=\"296\" data-end=\"310\">10h et 18h<\/strong><span style=\"font-size: 1rem;\">.<\/span><\/p><p style=\"text-align: center;\" data-start=\"315\" data-end=\"393\"><img decoding=\"async\" class=\"emoji\" role=\"img\" draggable=\"false\" src=\"https:\/\/s.w.org\/images\/core\/emoji\/16.0.1\/svg\/26a0.svg\" alt=\"\u26a0\ufe0f\" \/> Les places \u00e9tant limit\u00e9es, nous vous invitons \u00e0 venir <strong data-start=\"372\" data-end=\"390\">de bonne heure<\/strong>.<\/p><p style=\"text-align: center;\" data-start=\"395\" data-end=\"433\">Pour l\u2019inscription, il vous faudra :<\/p><p style=\"text-align: center;\">Un <strong>t\u00e9l\u00e9phone portable<\/strong> permettant d\u2019installer notre application (Android\/iOS) et de <strong>recevoir vos mails<\/strong>,<\/p><p style=\"text-align: center;\">Une <strong>photo d\u2019identit\u00e9 de l\u2019adh\u00e9rent<\/strong> enregistr\u00e9e sur votre t\u00e9l\u00e9phone,<\/p><p style=\"text-align: center;\">Un <strong>RIB<\/strong>.<\/p><p style=\"text-align: center;\"><strong>Moyens de paiement accept\u00e9s<\/strong> :<\/p><p style=\"text-align: center;\">Carte bancaire (CB) \u2013 en 1 r\u00e8glement,<\/p><p style=\"text-align: center;\">Pr\u00e9l\u00e8vement SEPA \u2013 en 1 r\u00e8glement,<\/p><p style=\"text-align: center;\">Pr\u00e9l\u00e8vement SEPA \u2013 en 3 r\u00e8glements sur 3 mois,<\/p><p style=\"text-align: center;\">Ch\u00e8que \u2013 en 1 r\u00e8glement,<\/p><p style=\"text-align: center;\">Esp\u00e8ces \u2013 en 1 r\u00e8glement.<\/p><p style=\"text-align: center;\">Sportivement,<br \/><strong>L\u2019\u00e9quipe du Judo Club de Franconville<\/strong><\/p>\t\t\t\t\t\t\t\t<\/div>\n\t\t\t\t<\/div>\n\t\t\t\t\t<\/div>\n\t\t\t\t<\/div>\n\t\t<div class=\"elementor-element elementor-element-d528f44 e-flex e-con-boxed e-con e-parent\" data-id=\"d528f44\" data-element_type=\"container\" data-e-type=\"container\">\n\t\t\t\t\t<div class=\"e-con-inner\">\n\t\t\t\t\t<\/div>\n\t\t\t\t<\/div>\n\t\t\t\t<section class=\"elementor-section elementor-top-section elementor-element elementor-element-f0a9a85 elementor-section-boxed elementor-section-height-default elementor-section-height-default\" data-id=\"f0a9a85\" data-element_type=\"section\" data-e-type=\"section\">\n\t\t\t\t\t\t<div class=\"elementor-container elementor-column-gap-default\">\n\t\t\t\t\t<div class=\"elementor-column elementor-col-100 elementor-top-column elementor-element elementor-element-10c149e\" data-id=\"10c149e\" data-element_type=\"column\" data-e-type=\"column\">\n\t\t\t<div class=\"elementor-widget-wrap elementor-element-populated\">\n\t\t\t\t\t\t<div class=\"elementor-element elementor-element-61009ce elementor-widget elementor-widget-image\" data-id=\"61009ce\" data-element_type=\"widget\" data-e-type=\"widget\" data-widget_type=\"image.default\">\n\t\t\t\t<div class=\"elementor-widget-container\">\n\t\t\t\t\t\t\t\t\t\t\t\t\t\t\t<img decoding=\"async\" width=\"644\" height=\"429\" src=\"https:\/\/judofranconville.com\/wp-content\/uploads\/2024\/09\/LZH_3559-1024x682.jpg\" class=\"attachment-large size-large wp-image-927\" alt=\"Le Bureau du JCF\" srcset=\"https:\/\/judofranconville.com\/wp-content\/uploads\/2024\/09\/LZH_3559-1024x682.jpg 1024w, https:\/\/judofranconville.com\/wp-content\/uploads\/2024\/09\/LZH_3559-300x200.jpg 300w, https:\/\/judofranconville.com\/wp-content\/uploads\/2024\/09\/LZH_3559-768x512.jpg 768w, https:\/\/judofranconville.com\/wp-content\/uploads\/2024\/09\/LZH_3559-1536x1023.jpg 1536w, https:\/\/judofranconville.com\/wp-content\/uploads\/2024\/09\/LZH_3559-2048x1364.jpg 2048w\" sizes=\"100vw\" \/>\t\t\t\t\t\t\t\t\t\t\t\t\t\t\t<\/div>\n\t\t\t\t<\/div>\n\t\t\t\t\t<\/div>\n\t\t<\/div>\n\t\t\t\t\t<\/div>\n\t\t<\/section>\n\t\t\t\t<section class=\"elementor-section elementor-top-section elementor-element elementor-element-e15f2fa elementor-section-boxed elementor-section-height-default elementor-section-height-default\" data-id=\"e15f2fa\" data-element_type=\"section\" data-e-type=\"section\">\n\t\t\t\t\t\t<div class=\"elementor-container elementor-column-gap-default\">\n\t\t\t\t\t<div class=\"elementor-column elementor-col-100 elementor-top-column elementor-element elementor-element-322a819\" data-id=\"322a819\" data-element_type=\"column\" data-e-type=\"column\">\n\t\t\t<div class=\"elementor-widget-wrap elementor-element-populated\">\n\t\t\t\t\t\t<div class=\"elementor-element elementor-element-cf11d35 elementor-widget elementor-widget-image\" data-id=\"cf11d35\" data-element_type=\"widget\" data-e-type=\"widget\" data-widget_type=\"image.default\">\n\t\t\t\t<div class=\"elementor-widget-container\">\n\t\t\t\t\t\t\t\t\t\t\t\t\t\t\t<img decoding=\"async\" width=\"403\" height=\"682\" src=\"https:\/\/judofranconville.com\/wp-content\/uploads\/2023\/04\/Instagram.png\" class=\"attachment-large size-large wp-image-593\" alt=\"\" srcset=\"https:\/\/judofranconville.com\/wp-content\/uploads\/2023\/04\/Instagram.png 403w, https:\/\/judofranconville.com\/wp-content\/uploads\/2023\/04\/Instagram-177x300.png 177w\" sizes=\"100vw\" \/>\t\t\t\t\t\t\t\t\t\t\t\t\t\t\t<\/div>\n\t\t\t\t<\/div>\n\t\t<div class=\"elementor-element elementor-element-6e001a2 e-flex e-con-boxed e-con e-parent\" data-id=\"6e001a2\" data-element_type=\"container\" data-e-type=\"container\">\n\t\t\t\t\t<div class=\"e-con-inner\">\n\t\t\t\t\t<\/div>\n\t\t\t\t<\/div>\n\t\t\t\t\t<\/div>\n\t\t<\/div>\n\t\t\t\t\t<\/div>\n\t\t<\/section>\n\t\t\t\t<section class=\"elementor-section elementor-top-section elementor-element elementor-element-02849ca elementor-section-boxed elementor-section-height-default elementor-section-height-default\" data-id=\"02849ca\" data-element_type=\"section\" data-e-type=\"section\">\n\t\t\t\t\t\t<div class=\"elementor-container elementor-column-gap-default\">\n\t\t\t\t\t<div class=\"elementor-column elementor-col-100 elementor-top-column elementor-element elementor-element-2ef6ac3\" data-id=\"2ef6ac3\" data-element_type=\"column\" data-e-type=\"column\">\n\t\t\t<div class=\"elementor-widget-wrap elementor-element-populated\">\n\t\t\t\t\t\t<div class=\"elementor-element elementor-element-db31cbe elementor-widget elementor-widget-text-editor\" data-id=\"db31cbe\" data-element_type=\"widget\" data-e-type=\"widget\" data-widget_type=\"text-editor.default\">\n\t\t\t\t<div class=\"elementor-widget-container\">\n\t\t\t\t\t\t\t\t\t<p><span style=\"color: #6ec1e4; font-size: 14px; font-weight: 600; text-align: center; white-space: pre-wrap;\">Comme pour tout art martial, <\/span><\/p><p><span style=\"color: #6ec1e4; font-size: 14px; font-weight: 600; text-align: center; white-space: pre-wrap;\">la pratique du judo s\u2019accompagne d\u2019un mode de vie bas\u00e9 sur l\u2019\u00e9quilibre entre le corps et l\u2019esprit et sur le principe du respect : <\/span><\/p><p><span style=\"color: #6ec1e4; font-size: 14px; font-weight: 600; text-align: center; white-space: pre-wrap;\">celui des autres avant tout, de tes camarades, partenaires et adversaires, mais aussi le respect de toi-m\u00eame.<\/span><\/p><p><br style=\"color: #6ec1e4; font-weight: 600; text-align: center; white-space: pre-wrap;\" \/><span style=\"color: #6ec1e4; font-size: 14px; font-weight: 600; text-align: center; white-space: pre-wrap;\"> Le judo, c\u2019est l\u2019\u00e9cole de la vie&#8230; puissance zen ! <\/span><br style=\"color: #6ec1e4; font-weight: 600; text-align: center; white-space: pre-wrap;\" \/><span style=\"color: #6ec1e4; font-size: 14px; font-weight: 600; text-align: center; white-space: pre-wrap;\">Notre Club enseigne le Judo depuis 1966, nous sommes, bien sur, affili\u00e9s \u00e0 la F\u00e9d\u00e9ration Fran\u00e7aise de Judo (FFJ). <\/span><br style=\"color: #6ec1e4; font-weight: 600; text-align: center; white-space: pre-wrap;\" \/><br style=\"color: #6ec1e4; font-weight: 600; text-align: center; white-space: pre-wrap;\" \/><span style=\"color: #6ec1e4; font-size: 14px; font-weight: 600; text-align: center; white-space: pre-wrap;\">Nous serons heureux de vous accueillir et de partager nos valeurs : <\/span><\/p><p><span style=\"color: #6ec1e4; font-size: 14px; font-weight: 600; text-align: center; white-space: pre-wrap;\">Politesse, <\/span><\/p><p><span style=\"color: #6ec1e4; font-size: 14px; font-weight: 600; text-align: center; white-space: pre-wrap;\">courage, <\/span><\/p><p><span style=\"color: #6ec1e4; font-size: 14px; font-weight: 600; text-align: center; white-space: pre-wrap;\">sinc\u00e9rit\u00e9, <\/span><\/p><p><span style=\"color: #6ec1e4; font-size: 14px; font-weight: 600; text-align: center; white-space: pre-wrap;\">honneur, <\/span><\/p><p><span style=\"color: #6ec1e4; font-size: 14px; font-weight: 600; text-align: center; white-space: pre-wrap;\">modestie, <\/span><\/p><p><span style=\"color: #6ec1e4; font-size: 14px; font-weight: 600; text-align: center; white-space: pre-wrap;\">respect, <\/span><\/p><p><span style=\"color: #6ec1e4; font-size: 14px; font-weight: 600; text-align: center; white-space: pre-wrap;\">contr\u00f4le de soi <\/span><\/p><p><span style=\"color: #6ec1e4; font-size: 14px; font-weight: 600; text-align: center; white-space: pre-wrap;\">et amiti\u00e9.<\/span><\/p>\t\t\t\t\t\t\t\t<\/div>\n\t\t\t\t<\/div>\n\t\t\t\t\t<\/div>\n\t\t<\/div>\n\t\t\t\t\t<\/div>\n\t\t<\/section>\n\t\t\t\t<\/div>\n\t\t","protected":false},"excerpt":{"rendered":"<p>On ne na\u00eet pas judoka, on le devient ! Inscription Saison 25-26 Chers Judokas, chers Parents, Nous avons le plaisir de vous annoncer que\u00a0 les\u00a0inscriptions pour la saison 2025-2026 auront lieu lors du Forum des Associations, le samedi 6 septembre 2025, entre 10h et 18h. Les places \u00e9tant limit\u00e9es, nous vous invitons \u00e0 venir de &hellip; <\/p>\n<p class=\"link-more\"><a href=\"https:\/\/judofranconville.com\/\" class=\"more-link\">Continuer la lecture<span class=\"screen-reader-text\"> de &laquo;&nbsp;Accueil&nbsp;&raquo;<\/span><\/a><\/p>\n","protected":false},"author":1,"featured_media":0,"parent":0,"menu_order":0,"comment_status":"closed","ping_status":"closed","template":"","meta":{"_mc_calendar":[],"footnotes":""},"class_list":["post-12","page","type-page","status-publish","hentry"],"yoast_head":"<!-- This site is optimized with the Yoast SEO plugin v27.3 - https:\/\/yoast.com\/product\/yoast-seo-wordpress\/ -->\n<title>Accueil - Judo Club Franconville<\/title>\n<meta name=\"description\" content=\"Les derni\u00e8res nouvelles du club de judo de Franconville.\" \/>\n<meta name=\"robots\" content=\"index, follow, max-snippet:-1, max-image-preview:large, max-video-preview:-1\" \/>\n<link rel=\"canonical\" href=\"https:\/\/judofranconville.com\/\" \/>\n<meta property=\"og:locale\" content=\"fr_FR\" \/>\n<meta property=\"og:type\" content=\"article\" \/>\n<meta property=\"og:title\" content=\"Accueil - Judo Club Franconville\" \/>\n<meta property=\"og:description\" content=\"Les derni\u00e8res nouvelles du club de judo de Franconville.\" \/>\n<meta property=\"og:url\" content=\"https:\/\/judofranconville.com\/\" \/>\n<meta property=\"og:site_name\" content=\"Judo Club Franconville\" \/>\n<meta property=\"article:publisher\" content=\"https:\/\/www.facebook.com\/jc.franconville\" \/>\n<meta property=\"article:modified_time\" content=\"2025-08-28T07:20:53+00:00\" \/>\n<meta property=\"og:image\" content=\"https:\/\/judofranconville.com\/wp-content\/uploads\/2025\/08\/Logo_Judo_p_Sansfond_inscription.png\" \/>\n\t<meta property=\"og:image:width\" content=\"390\" \/>\n\t<meta property=\"og:image:height\" content=\"500\" \/>\n\t<meta property=\"og:image:type\" content=\"image\/png\" \/>\n<meta name=\"twitter:card\" content=\"summary_large_image\" \/>\n<meta name=\"twitter:label1\" content=\"Dur\u00e9e de lecture estim\u00e9e\" \/>\n\t<meta name=\"twitter:data1\" content=\"5 minutes\" \/>\n<script type=\"application\/ld+json\" class=\"yoast-schema-graph\">{\"@context\":\"https:\\\/\\\/schema.org\",\"@graph\":[{\"@type\":\"WebPage\",\"@id\":\"https:\\\/\\\/judofranconville.com\\\/\",\"url\":\"https:\\\/\\\/judofranconville.com\\\/\",\"name\":\"Accueil - Judo Club Franconville\",\"isPartOf\":{\"@id\":\"https:\\\/\\\/judofranconville.com\\\/#website\"},\"primaryImageOfPage\":{\"@id\":\"https:\\\/\\\/judofranconville.com\\\/#primaryimage\"},\"image\":{\"@id\":\"https:\\\/\\\/judofranconville.com\\\/#primaryimage\"},\"thumbnailUrl\":\"https:\\\/\\\/judofranconville.com\\\/wp-content\\\/uploads\\\/2025\\\/08\\\/Logo_Judo_p_Sansfond_inscription-234x300.png\",\"datePublished\":\"2020-02-06T20:04:12+00:00\",\"dateModified\":\"2025-08-28T07:20:53+00:00\",\"description\":\"Les derni\u00e8res nouvelles du club de judo de Franconville.\",\"breadcrumb\":{\"@id\":\"https:\\\/\\\/judofranconville.com\\\/#breadcrumb\"},\"inLanguage\":\"fr-FR\",\"potentialAction\":[{\"@type\":\"ReadAction\",\"target\":[\"https:\\\/\\\/judofranconville.com\\\/\"]}]},{\"@type\":\"ImageObject\",\"inLanguage\":\"fr-FR\",\"@id\":\"https:\\\/\\\/judofranconville.com\\\/#primaryimage\",\"url\":\"https:\\\/\\\/judofranconville.com\\\/wp-content\\\/uploads\\\/2025\\\/08\\\/Logo_Judo_p_Sansfond_inscription.png\",\"contentUrl\":\"https:\\\/\\\/judofranconville.com\\\/wp-content\\\/uploads\\\/2025\\\/08\\\/Logo_Judo_p_Sansfond_inscription.png\",\"width\":390,\"height\":500,\"caption\":\"Logo\"},{\"@type\":\"BreadcrumbList\",\"@id\":\"https:\\\/\\\/judofranconville.com\\\/#breadcrumb\",\"itemListElement\":[{\"@type\":\"ListItem\",\"position\":1,\"name\":\"Accueil\",\"item\":\"https:\\\/\\\/judofranconville.com\\\/\"},{\"@type\":\"ListItem\",\"position\":2,\"name\":\"Accueil\"}]},{\"@type\":\"WebSite\",\"@id\":\"https:\\\/\\\/judofranconville.com\\\/#website\",\"url\":\"https:\\\/\\\/judofranconville.com\\\/\",\"name\":\"Judo Club Franconville\",\"description\":\"Le judo...Notre passion\",\"potentialAction\":[{\"@type\":\"SearchAction\",\"target\":{\"@type\":\"EntryPoint\",\"urlTemplate\":\"https:\\\/\\\/judofranconville.com\\\/?s={search_term_string}\"},\"query-input\":{\"@type\":\"PropertyValueSpecification\",\"valueRequired\":true,\"valueName\":\"search_term_string\"}}],\"inLanguage\":\"fr-FR\"}]}<\/script>\n<!-- \/ Yoast SEO plugin. -->","yoast_head_json":{"title":"Accueil - Judo Club Franconville","description":"Les derni\u00e8res nouvelles du club de judo de Franconville.","robots":{"index":"index","follow":"follow","max-snippet":"max-snippet:-1","max-image-preview":"max-image-preview:large","max-video-preview":"max-video-preview:-1"},"canonical":"https:\/\/judofranconville.com\/","og_locale":"fr_FR","og_type":"article","og_title":"Accueil - Judo Club Franconville","og_description":"Les derni\u00e8res nouvelles du club de judo de Franconville.","og_url":"https:\/\/judofranconville.com\/","og_site_name":"Judo Club Franconville","article_publisher":"https:\/\/www.facebook.com\/jc.franconville","article_modified_time":"2025-08-28T07:20:53+00:00","og_image":[{"width":390,"height":500,"url":"https:\/\/judofranconville.com\/wp-content\/uploads\/2025\/08\/Logo_Judo_p_Sansfond_inscription.png","type":"image\/png"}],"twitter_card":"summary_large_image","twitter_misc":{"Dur\u00e9e de lecture estim\u00e9e":"5 minutes"},"schema":{"@context":"https:\/\/schema.org","@graph":[{"@type":"WebPage","@id":"https:\/\/judofranconville.com\/","url":"https:\/\/judofranconville.com\/","name":"Accueil - Judo Club Franconville","isPartOf":{"@id":"https:\/\/judofranconville.com\/#website"},"primaryImageOfPage":{"@id":"https:\/\/judofranconville.com\/#primaryimage"},"image":{"@id":"https:\/\/judofranconville.com\/#primaryimage"},"thumbnailUrl":"https:\/\/judofranconville.com\/wp-content\/uploads\/2025\/08\/Logo_Judo_p_Sansfond_inscription-234x300.png","datePublished":"2020-02-06T20:04:12+00:00","dateModified":"2025-08-28T07:20:53+00:00","description":"Les derni\u00e8res nouvelles du club de judo de Franconville.","breadcrumb":{"@id":"https:\/\/judofranconville.com\/#breadcrumb"},"inLanguage":"fr-FR","potentialAction":[{"@type":"ReadAction","target":["https:\/\/judofranconville.com\/"]}]},{"@type":"ImageObject","inLanguage":"fr-FR","@id":"https:\/\/judofranconville.com\/#primaryimage","url":"https:\/\/judofranconville.com\/wp-content\/uploads\/2025\/08\/Logo_Judo_p_Sansfond_inscription.png","contentUrl":"https:\/\/judofranconville.com\/wp-content\/uploads\/2025\/08\/Logo_Judo_p_Sansfond_inscription.png","width":390,"height":500,"caption":"Logo"},{"@type":"BreadcrumbList","@id":"https:\/\/judofranconville.com\/#breadcrumb","itemListElement":[{"@type":"ListItem","position":1,"name":"Accueil","item":"https:\/\/judofranconville.com\/"},{"@type":"ListItem","position":2,"name":"Accueil"}]},{"@type":"WebSite","@id":"https:\/\/judofranconville.com\/#website","url":"https:\/\/judofranconville.com\/","name":"Judo Club Franconville","description":"Le judo...Notre passion","potentialAction":[{"@type":"SearchAction","target":{"@type":"EntryPoint","urlTemplate":"https:\/\/judofranconville.com\/?s={search_term_string}"},"query-input":{"@type":"PropertyValueSpecification","valueRequired":true,"valueName":"search_term_string"}}],"inLanguage":"fr-FR"}]}},"_links":{"self":[{"href":"https:\/\/judofranconville.com\/index.php\/wp-json\/wp\/v2\/pages\/12","targetHints":{"allow":["GET"]}}],"collection":[{"href":"https:\/\/judofranconville.com\/index.php\/wp-json\/wp\/v2\/pages"}],"about":[{"href":"https:\/\/judofranconville.com\/index.php\/wp-json\/wp\/v2\/types\/page"}],"author":[{"embeddable":true,"href":"https:\/\/judofranconville.com\/index.php\/wp-json\/wp\/v2\/users\/1"}],"replies":[{"embeddable":true,"href":"https:\/\/judofranconville.com\/index.php\/wp-json\/wp\/v2\/comments?post=12"}],"version-history":[{"count":163,"href":"https:\/\/judofranconville.com\/index.php\/wp-json\/wp\/v2\/pages\/12\/revisions"}],"predecessor-version":[{"id":993,"href":"https:\/\/judofranconville.com\/index.php\/wp-json\/wp\/v2\/pages\/12\/revisions\/993"}],"wp:attachment":[{"href":"https:\/\/judofranconville.com\/index.php\/wp-json\/wp\/v2\/media?parent=12"}],"curies":[{"name":"wp","href":"https:\/\/api.w.org\/{rel}","templated":true}]}}